Last updated on 2020-08-19 01:50:08 CEST.
Flavor | Version | Tinstall | Tcheck | Ttotal | Status | Flags |
---|---|---|---|---|---|---|
r-devel-linux-x86_64-debian-clang | 1.2-0 | 260.34 | 517.13 | 777.47 | OK | |
r-devel-linux-x86_64-debian-gcc | 1.2-0 | 180.27 | 386.11 | 566.38 | OK | |
r-devel-linux-x86_64-fedora-clang | 1.2-0 | 973.12 | NOTE | |||
r-devel-linux-x86_64-fedora-gcc | 1.2-0 | 914.11 | NOTE | |||
r-devel-windows-ix86+x86_64 | 1.2-0 | 642.00 | 959.00 | 1601.00 | NOTE | |
r-patched-linux-x86_64 | 1.2-0 | 186.13 | 501.15 | 687.28 | OK | |
r-patched-solaris-x86 | 1.2-0 | 976.50 | NOTE | |||
r-release-linux-x86_64 | 1.2-0 | 185.87 | 501.62 | 687.49 | OK | |
r-release-macos-x86_64 | 1.2-0 | NOTE | ||||
r-release-windows-ix86+x86_64 | 1.2-0 | 592.00 | 677.00 | 1269.00 | NOTE | |
r-oldrel-macos-x86_64 | 1.2-0 | NOTE | ||||
r-oldrel-windows-ix86+x86_64 | 1.2-0 | 452.00 | 706.00 | 1158.00 | NOTE |
Version: 1.2-0
Check: installed package size
Result: NOTE
installed size is 13.0Mb
sub-directories of 1Mb or more:
R 2.4Mb
doc 2.3Mb
help 2.7Mb
libs 4.0Mb
Flavors: r-devel-linux-x86_64-fedora-clang, r-devel-windows-ix86+x86_64, r-patched-solaris-x86, r-release-macos-x86_64, r-release-windows-ix86+x86_64, r-oldrel-macos-x86_64, r-oldrel-windows-ix86+x86_64
Version: 1.2-0
Check: data for non-ASCII characters
Result: NOTE
Note: found 1 marked UTF-8 string
Flavors: r-devel-linux-x86_64-fedora-clang, r-devel-linux-x86_64-fedora-gcc, r-patched-solaris-x86, r-release-macos-x86_64, r-oldrel-macos-x86_64