CRAN Package Check Results for Package ojsr

Last updated on 2020-08-19 01:50:08 CEST.

Flavor Version Tinstall Tcheck Ttotal Status Flags
r-devel-linux-x86_64-debian-clang 0.1.1 2.81 54.79 57.60 OK
r-devel-linux-x86_64-debian-gcc 0.1.1 2.18 41.93 44.11 OK
r-devel-linux-x86_64-fedora-clang 0.1.1 62.19 NOTE
r-devel-linux-x86_64-fedora-gcc 0.1.1 53.11 NOTE
r-devel-windows-ix86+x86_64 0.1.1 16.00 346.00 362.00 OK
r-patched-linux-x86_64 0.1.1 2.50 54.08 56.58 OK
r-patched-solaris-x86 0.1.1 76.00 NOTE
r-release-linux-x86_64 0.1.1 2.71 48.24 50.95 WARN
r-release-macos-x86_64 0.1.1 NOTE
r-release-windows-ix86+x86_64 0.1.1 13.00 332.00 345.00 OK
r-oldrel-macos-x86_64 0.1.1 NOTE
r-oldrel-windows-ix86+x86_64 0.1.1 6.00 349.00 355.00 OK

Check Details

Version: 0.1.1
Check: dependencies in R code
Result: NOTE
    Namespaces in Imports field not imported from:
     ‘oai’ ‘stringr’ ‘utils’
     All declared Imports should be used.
Flavors: r-devel-linux-x86_64-fedora-clang, r-devel-linux-x86_64-fedora-gcc, r-patched-solaris-x86, r-release-macos-x86_64, r-oldrel-macos-x86_64

Version: 0.1.1
Check: re-building of vignette outputs
Result: WARN
    Error(s) in re-building vignettes:
     ...
    --- re-building ‘ojsr-vignette.Rmd’ using rmarkdown
    ── Attaching packages ─────────────────────────────────────── tidyverse 1.3.0 ──
    ✔ ggplot2 3.3.2 ✔ purrr 0.3.4
    ✔ tibble 3.0.3 ✔ dplyr 1.0.1
    ✔ tidyr 1.1.1 ✔ stringr 1.4.0
    ✔ readr 1.3.1 ✔ forcats 0.5.0
    ── Conflicts ────────────────────────────────────────── tidyverse_conflicts() ──
    ✖ dplyr::filter() masks stats::filter()
    ✖ dplyr::lag() masks stats::lag()
    Warning in value[[3L]](cond) :
     error reading https://publicaciones.sociales.uba.ar/index.php/odisea/article/view/1682 : Error in open.connection(x, "rb"): gnutls_handshake() failed: The TLS connection was non-properly terminated.
    
    Warning in .Internal(gc(verbose, reset, full)) :
     closing unused connection 4 (https://publicaciones.sociales.uba.ar/index.php/odisea/article/view/1682)
    Quitting from lines 55-82 (ojsr-vignette.Rmd)
    Quitting from lines 55-82 (ojsr-vignette.Rmd)
    Error: processing vignette 'ojsr-vignette.Rmd' failed with diagnostics:
    invalid connection
    --- failed re-building ‘ojsr-vignette.Rmd’
    
    SUMMARY: processing the following file failed:
     ‘ojsr-vignette.Rmd’
    
    Error: Vignette re-building failed.
    Execution halted
Flavor: r-release-linux-x86_64