CRAN Package Check Results for Package openSTARS

Last updated on 2020-08-19 01:50:09 CEST.

Flavor Version Tinstall Tcheck Ttotal Status Flags
r-devel-linux-x86_64-debian-clang 1.2.0 16.19 118.37 134.56 OK
r-devel-linux-x86_64-debian-gcc 1.2.0 13.99 90.48 104.47 OK
r-devel-linux-x86_64-fedora-clang 1.2.0 167.61 NOTE
r-devel-linux-x86_64-fedora-gcc 1.2.0 157.28 OK
r-devel-windows-ix86+x86_64 1.2.0 56.00 198.00 254.00 NOTE
r-patched-linux-x86_64 1.2.0 15.95 113.86 129.81 OK
r-patched-solaris-x86 1.2.0 253.60 NOTE
r-release-linux-x86_64 1.2.0 16.91 112.93 129.84 OK
r-release-macos-x86_64 1.2.0 NOTE
r-release-windows-ix86+x86_64 1.2.0 53.00 144.00 197.00 NOTE
r-oldrel-macos-x86_64 1.2.0 NOTE
r-oldrel-windows-ix86+x86_64 1.2.0 32.00 141.00 173.00 NOTE

Check Details

Version: 1.2.0
Check: installed package size
Result: NOTE
     installed size is 9.4Mb
     sub-directories of 1Mb or more:
     extdata 9.0Mb
Flavors: r-devel-linux-x86_64-fedora-clang, r-devel-windows-ix86+x86_64, r-patched-solaris-x86, r-release-macos-x86_64, r-release-windows-ix86+x86_64, r-oldrel-macos-x86_64, r-oldrel-windows-ix86+x86_64