CRAN Package Check Results for Package orca

Last updated on 2020-08-19 01:50:09 CEST.

Flavor Version Tinstall Tcheck Ttotal Status Flags
r-devel-linux-x86_64-debian-clang 1.1-1 9.76 22.71 32.47 OK
r-devel-linux-x86_64-debian-gcc 1.1-1 7.09 17.86 24.95 OK
r-devel-linux-x86_64-fedora-clang 1.1-1 49.98 NOTE
r-devel-linux-x86_64-fedora-gcc 1.1-1 38.68 NOTE
r-devel-windows-ix86+x86_64 1.1-1 29.00 60.00 89.00 OK
r-patched-linux-x86_64 1.1-1 9.56 22.19 31.75 OK
r-patched-solaris-x86 1.1-1 62.80 OK
r-release-linux-x86_64 1.1-1 8.62 22.35 30.97 OK
r-release-macos-x86_64 1.1-1 OK
r-release-windows-ix86+x86_64 1.1-1 20.00 59.00 79.00 OK
r-oldrel-macos-x86_64 1.1-1 NOTE
r-oldrel-windows-ix86+x86_64 1.1-1 21.00 59.00 80.00 OK

Check Details

Version: 1.1-1
Check: compiled code
Result: NOTE
    File ‘orca/libs/orca.so’:
     Found no calls to: ‘R_registerRoutines’, ‘R_useDynamicSymbols’
    
    It is good practice to register native routines and to disable symbol
    search.
    
    See ‘Writing portable packages’ in the ‘Writing R Extensions’ manual.
Flavors: r-devel-linux-x86_64-fedora-clang, r-devel-linux-x86_64-fedora-gcc

Version: 1.1-1
Check: package dependencies
Result: NOTE
    Package which this enhances but not available for checking: ‘graph’
Flavor: r-oldrel-macos-x86_64