Last updated on 2020-08-19 01:50:09 CEST.
Flavor | Version | Tinstall | Tcheck | Ttotal | Status | Flags |
---|---|---|---|---|---|---|
r-devel-linux-x86_64-debian-clang | 0.5.1 | 4.34 | 32.05 | 36.39 | OK | |
r-devel-linux-x86_64-debian-gcc | 0.5.1 | 3.06 | 24.82 | 27.88 | OK | |
r-devel-linux-x86_64-fedora-clang | 0.5.1 | 51.35 | NOTE | |||
r-devel-linux-x86_64-fedora-gcc | 0.5.1 | 43.29 | OK | |||
r-devel-windows-ix86+x86_64 | 0.5.1 | 12.00 | 60.00 | 72.00 | OK | |
r-patched-linux-x86_64 | 0.5.1 | 3.71 | 35.23 | 38.94 | OK | |
r-patched-solaris-x86 | 0.5.1 | 67.10 | OK | |||
r-release-linux-x86_64 | 0.5.1 | 3.82 | 35.32 | 39.14 | OK | |
r-release-macos-x86_64 | 0.5.1 | OK | ||||
r-release-windows-ix86+x86_64 | 0.5.1 | 11.00 | 49.00 | 60.00 | OK | |
r-oldrel-macos-x86_64 | 0.5.1 | OK | ||||
r-oldrel-windows-ix86+x86_64 | 0.5.1 | 6.00 | 65.00 | 71.00 | OK |
Version: 0.5.1
Check: Rd cross-references
Result: NOTE
Undeclared package ‘devtools’ in Rd xrefs
Flavor: r-devel-linux-x86_64-fedora-clang