CRAN Package Check Results for Package pairsD3

Last updated on 2020-08-19 01:50:09 CEST.

Flavor Version Tinstall Tcheck Ttotal Status Flags
r-devel-linux-x86_64-debian-clang 0.1.0 3.38 30.56 33.94 NOTE
r-devel-linux-x86_64-debian-gcc 0.1.0 2.49 24.33 26.82 NOTE
r-devel-linux-x86_64-fedora-clang 0.1.0 48.78 NOTE
r-devel-linux-x86_64-fedora-gcc 0.1.0 38.98 NOTE
r-devel-windows-ix86+x86_64 0.1.0 13.00 58.00 71.00 NOTE
r-patched-linux-x86_64 0.1.0 3.39 30.29 33.68 NOTE
r-patched-solaris-x86 0.1.0 62.40 NOTE
r-release-linux-x86_64 0.1.0 3.36 30.48 33.84 NOTE
r-release-macos-x86_64 0.1.0 NOTE
r-release-windows-ix86+x86_64 0.1.0 13.00 47.00 60.00 NOTE
r-oldrel-macos-x86_64 0.1.0 NOTE
r-oldrel-windows-ix86+x86_64 0.1.0 8.00 60.00 68.00 NOTE

Check Details

Version: 0.1.0
Check: R code for possible problems
Result: NOTE
    pairsD3: no visible global function definition for 'gray.colors'
    Undefined global functions or variables:
     gray.colors
    Consider adding
     importFrom("grDevices", "gray.colors")
    to your NAMESPACE file.
Flavors: r-devel-linux-x86_64-debian-clang, r-devel-linux-x86_64-debian-gcc, r-devel-linux-x86_64-fedora-clang, r-devel-linux-x86_64-fedora-gcc, r-devel-windows-ix86+x86_64, r-patched-linux-x86_64, r-patched-solaris-x86, r-release-linux-x86_64, r-release-macos-x86_64, r-release-windows-ix86+x86_64, r-oldrel-macos-x86_64, r-oldrel-windows-ix86+x86_64