Last updated on 2020-08-19 01:50:09 CEST.
Flavor | Version | Tinstall | Tcheck | Ttotal | Status | Flags |
---|---|---|---|---|---|---|
r-devel-linux-x86_64-debian-clang | 0.0.7 | 8.41 | 59.19 | 67.60 | NOTE | |
r-devel-linux-x86_64-debian-gcc | 0.0.7 | 6.06 | 44.75 | 50.81 | NOTE | |
r-devel-linux-x86_64-fedora-clang | 0.0.7 | 85.94 | NOTE | |||
r-devel-linux-x86_64-fedora-gcc | 0.0.7 | 79.39 | NOTE | |||
r-devel-windows-ix86+x86_64 | 0.0.7 | 18.00 | 84.00 | 102.00 | NOTE | |
r-patched-linux-x86_64 | 0.0.7 | 5.69 | 57.58 | 63.27 | NOTE | |
r-patched-solaris-x86 | 0.0.7 | 114.00 | NOTE | |||
r-release-linux-x86_64 | 0.0.7 | 6.85 | 59.04 | 65.89 | NOTE | |
r-release-macos-x86_64 | 0.0.7 | NOTE | ||||
r-release-windows-ix86+x86_64 | 0.0.7 | 17.00 | 67.00 | 84.00 | NOTE | |
r-oldrel-macos-x86_64 | 0.0.7 | NOTE | ||||
r-oldrel-windows-ix86+x86_64 | 0.0.7 | 12.00 | 89.00 | 101.00 | OK |
Version: 0.0.7
Check: package dependencies
Result: NOTE
Package which this enhances but not available for checking: 'CorShrink'
Flavors: r-devel-linux-x86_64-debian-clang, r-devel-linux-x86_64-debian-gcc, r-devel-linux-x86_64-fedora-clang, r-devel-linux-x86_64-fedora-gcc, r-devel-windows-ix86+x86_64, r-patched-linux-x86_64, r-patched-solaris-x86, r-release-linux-x86_64, r-release-macos-x86_64, r-release-windows-ix86+x86_64, r-oldrel-macos-x86_64