CRAN Package Check Results for Package paleotree

Last updated on 2020-08-19 01:50:09 CEST.

Flavor Version Tinstall Tcheck Ttotal Status Flags
r-devel-linux-x86_64-debian-clang 3.3.25 24.98 389.73 414.71 OK
r-devel-linux-x86_64-debian-gcc 3.3.25 18.95 268.91 287.86 OK
r-devel-linux-x86_64-fedora-clang 3.3.25 467.05 NOTE
r-devel-linux-x86_64-fedora-gcc 3.3.25 463.06 NOTE
r-devel-windows-ix86+x86_64 3.3.25 54.00 480.00 534.00 OK
r-patched-linux-x86_64 3.3.25 25.33 382.06 407.39 OK
r-patched-solaris-x86 3.3.25 580.40 NOTE
r-release-linux-x86_64 3.3.25 25.75 380.11 405.86 OK
r-release-macos-x86_64 3.3.25 NOTE
r-release-windows-ix86+x86_64 3.3.25 51.00 360.00 411.00 OK
r-oldrel-macos-x86_64 3.3.25 NOTE
r-oldrel-windows-ix86+x86_64 3.3.25 32.00 463.00 495.00 OK

Check Details

Version: 3.3.25
Check: data for non-ASCII characters
Result: NOTE
     Note: found 9 marked UTF-8 strings
Flavors: r-devel-linux-x86_64-fedora-clang, r-devel-linux-x86_64-fedora-gcc, r-patched-solaris-x86, r-release-macos-x86_64, r-oldrel-macos-x86_64