CRAN Package Check Results for Package parlitools

Last updated on 2020-08-19 01:50:09 CEST.

Flavor Version Tinstall Tcheck Ttotal Status Flags
r-devel-linux-x86_64-debian-clang 0.4.1 8.27 74.73 83.00 OK
r-devel-linux-x86_64-debian-gcc 0.4.1 7.69 56.92 64.61 OK
r-devel-linux-x86_64-fedora-clang 0.4.1 107.18 NOTE
r-devel-linux-x86_64-fedora-gcc 0.4.1 99.46 NOTE
r-devel-windows-ix86+x86_64 0.4.1 39.00 110.00 149.00 OK
r-patched-linux-x86_64 0.4.1 9.53 72.70 82.23 OK
r-patched-solaris-x86 0.4.1 132.80 NOTE --no-vignettes
r-release-linux-x86_64 0.4.1 8.78 73.63 82.41 OK
r-release-macos-x86_64 0.4.1 NOTE
r-release-windows-ix86+x86_64 0.4.1 29.00 80.00 109.00 OK
r-oldrel-macos-x86_64 0.4.1 NOTE
r-oldrel-windows-ix86+x86_64 0.4.1 17.00 83.00 100.00 OK

Check Details

Version: 0.4.1
Check: data for non-ASCII characters
Result: NOTE
     Note: found 16 marked UTF-8 strings
Flavors: r-devel-linux-x86_64-fedora-clang, r-devel-linux-x86_64-fedora-gcc, r-release-macos-x86_64, r-oldrel-macos-x86_64

Version: 0.4.1
Flags: --no-vignettes
Check: data for non-ASCII characters
Result: NOTE
     Note: found 16 marked UTF-8 strings
Flavor: r-patched-solaris-x86