Last updated on 2020-08-19 01:50:10 CEST.
Flavor | Version | Tinstall | Tcheck | Ttotal | Status | Flags |
---|---|---|---|---|---|---|
r-devel-linux-x86_64-debian-clang | 1.3-5 | 20.23 | 192.60 | 212.83 | OK | |
r-devel-linux-x86_64-debian-gcc | 1.3-5 | 15.05 | 145.46 | 160.51 | OK | |
r-devel-linux-x86_64-fedora-clang | 1.3-5 | 264.99 | NOTE | |||
r-devel-linux-x86_64-fedora-gcc | 1.3-5 | 251.17 | OK | |||
r-devel-windows-ix86+x86_64 | 1.3-5 | 63.00 | 385.00 | 448.00 | OK | |
r-patched-linux-x86_64 | 1.3-5 | 18.92 | 185.38 | 204.30 | OK | |
r-patched-solaris-x86 | 1.3-5 | 368.40 | OK | |||
r-release-linux-x86_64 | 1.3-5 | 17.99 | 187.49 | 205.48 | OK | |
r-release-macos-x86_64 | 1.3-5 | OK | ||||
r-release-windows-ix86+x86_64 | 1.3-5 | 69.00 | 287.00 | 356.00 | OK | |
r-oldrel-macos-x86_64 | 1.3-5 | OK | ||||
r-oldrel-windows-ix86+x86_64 | 1.3-5 | 46.00 | 379.00 | 425.00 | OK |
Version: 1.3-5
Check: Rd cross-references
Result: NOTE
Undeclared package ‘randomForest’ in Rd xrefs
Flavor: r-devel-linux-x86_64-fedora-clang