Last updated on 2020-08-19 01:50:10 CEST.
Flavor | Version | Tinstall | Tcheck | Ttotal | Status | Flags |
---|---|---|---|---|---|---|
r-devel-linux-x86_64-debian-clang | 2.4.0 | 13.43 | 241.82 | 255.25 | OK | |
r-devel-linux-x86_64-debian-gcc | 2.4.0 | 10.84 | 172.90 | 183.74 | OK | |
r-devel-linux-x86_64-fedora-clang | 2.4.0 | 299.62 | NOTE | |||
r-devel-linux-x86_64-fedora-gcc | 2.4.0 | 283.08 | OK | |||
r-devel-windows-ix86+x86_64 | 2.4.0 | 33.00 | 319.00 | 352.00 | OK | |
r-patched-linux-x86_64 | 2.4.0 | 11.91 | 229.22 | 241.13 | OK | |
r-patched-solaris-x86 | 2.4.0 | 381.90 | NOTE | |||
r-release-linux-x86_64 | 2.4.0 | 12.58 | 232.21 | 244.79 | OK | |
r-release-macos-x86_64 | 2.4.0 | OK | ||||
r-release-windows-ix86+x86_64 | 2.4.0 | 30.00 | 228.00 | 258.00 | OK | |
r-oldrel-macos-x86_64 | 2.4.0 | NOTE | ||||
r-oldrel-windows-ix86+x86_64 | 2.4.0 | 20.00 | 299.00 | 319.00 | OK |
Version: 2.4.0
Check: Rd cross-references
Result: NOTE
Undeclared package ‘future’ in Rd xrefs
Flavor: r-devel-linux-x86_64-fedora-clang
Version: 2.4.0
Check: installed package size
Result: NOTE
installed size is 5.6Mb
sub-directories of 1Mb or more:
doc 2.3Mb
testdata 1.8Mb
Flavor: r-patched-solaris-x86
Version: 2.4.0
Check: dependencies in R code
Result: NOTE
No protocol specified
Flavor: r-oldrel-macos-x86_64