Last updated on 2020-08-19 01:50:10 CEST.
Flavor | Version | Tinstall | Tcheck | Ttotal | Status | Flags |
---|---|---|---|---|---|---|
r-devel-linux-x86_64-debian-clang | 4.3.3 | 91.94 | 45.22 | 137.16 | NOTE | |
r-devel-linux-x86_64-debian-gcc | 4.3.3 | 68.15 | 34.36 | 102.51 | NOTE | |
r-devel-linux-x86_64-fedora-clang | 4.3.3 | 208.99 | NOTE | |||
r-devel-linux-x86_64-fedora-gcc | 4.3.3 | 172.55 | NOTE | |||
r-devel-windows-ix86+x86_64 | 4.3.3 | 278.00 | 121.00 | 399.00 | NOTE | |
r-patched-linux-x86_64 | 4.3.3 | 69.58 | 43.39 | 112.97 | NOTE | |
r-patched-solaris-x86 | 4.3.3 | 168.70 | NOTE | |||
r-release-linux-x86_64 | 4.3.3 | 76.39 | 44.61 | 121.00 | NOTE | |
r-release-macos-x86_64 | 4.3.3 | NOTE | ||||
r-release-windows-ix86+x86_64 | 4.3.3 | 294.00 | 85.00 | 379.00 | NOTE | |
r-oldrel-macos-x86_64 | 4.3.3 | NOTE | ||||
r-oldrel-windows-ix86+x86_64 | 4.3.3 | 192.00 | 109.00 | 301.00 | NOTE |
Version: 4.3.3
Check: package dependencies
Result: NOTE
Package suggested but not available for checking: 'vcfR'
Flavors: r-devel-linux-x86_64-debian-clang, r-devel-linux-x86_64-debian-gcc, r-devel-linux-x86_64-fedora-clang, r-devel-linux-x86_64-fedora-gcc, r-patched-linux-x86_64, r-patched-solaris-x86, r-release-linux-x86_64, r-release-macos-x86_64
Version: 4.3.3
Check: installed package size
Result: NOTE
installed size is 7.1Mb
sub-directories of 1Mb or more:
extdata 2.7Mb
libs 3.6Mb
Flavors: r-devel-linux-x86_64-fedora-clang, r-devel-windows-ix86+x86_64, r-release-macos-x86_64, r-release-windows-ix86+x86_64, r-oldrel-macos-x86_64, r-oldrel-windows-ix86+x86_64