CRAN Package Check Results for Package pchc

Last updated on 2020-08-19 01:50:10 CEST.

Flavor Version Tinstall Tcheck Ttotal Status Flags
r-devel-linux-x86_64-debian-clang 0.1 3.16 28.77 31.93 OK
r-devel-linux-x86_64-debian-gcc 0.1 2.32 22.42 24.74 OK
r-devel-linux-x86_64-fedora-clang 0.1 48.09 NOTE
r-devel-linux-x86_64-fedora-gcc 0.1 36.29 NOTE
r-devel-windows-ix86+x86_64 0.1 11.00 55.00 66.00 OK
r-patched-linux-x86_64 0.1 2.79 28.10 30.89 OK
r-patched-solaris-x86 0.1 61.90 NOTE
r-release-linux-x86_64 0.1 2.40 28.38 30.78 OK
r-release-macos-x86_64 0.1 NOTE
r-release-windows-ix86+x86_64 0.1 10.00 39.00 49.00 OK
r-oldrel-macos-x86_64 0.1 NOTE
r-oldrel-windows-ix86+x86_64 0.1 6.00 55.00 61.00 OK

Check Details

Version: 0.1
Check: dependencies in R code
Result: NOTE
    Namespace in Imports field not imported from: ‘robustbase’
     All declared Imports should be used.
Flavors: r-devel-linux-x86_64-fedora-clang, r-devel-linux-x86_64-fedora-gcc, r-patched-solaris-x86, r-release-macos-x86_64, r-oldrel-macos-x86_64