Last updated on 2020-08-19 01:50:10 CEST.
Flavor | Version | Tinstall | Tcheck | Ttotal | Status | Flags |
---|---|---|---|---|---|---|
r-devel-linux-x86_64-debian-clang | 0.7.0 | 7.05 | 66.50 | 73.55 | OK | |
r-devel-linux-x86_64-debian-gcc | 0.7.0 | 5.70 | 50.86 | 56.56 | OK | |
r-devel-linux-x86_64-fedora-clang | 0.7.0 | 95.72 | NOTE | |||
r-devel-linux-x86_64-fedora-gcc | 0.7.0 | 82.28 | OK | |||
r-devel-windows-ix86+x86_64 | 0.7.0 | 31.00 | 135.00 | 166.00 | OK | |
r-patched-linux-x86_64 | 0.7.0 | 6.94 | 64.07 | 71.01 | OK | |
r-patched-solaris-x86 | 0.7.0 | 128.60 | OK | |||
r-release-linux-x86_64 | 0.7.0 | 7.20 | 63.78 | 70.98 | OK | |
r-release-macos-x86_64 | 0.7.0 | OK | ||||
r-release-windows-ix86+x86_64 | 0.7.0 | 26.00 | 96.00 | 122.00 | OK | |
r-oldrel-macos-x86_64 | 0.7.0 | OK | ||||
r-oldrel-windows-ix86+x86_64 | 0.7.0 | 16.00 | 134.00 | 150.00 | OK |
Version: 0.7.0
Check: Rd cross-references
Result: NOTE
Undeclared packages ‘mlbench’, ‘foreach’, ‘ICEbox’ in Rd xrefs
Flavor: r-devel-linux-x86_64-fedora-clang