Last updated on 2020-08-19 01:50:10 CEST.
Flavor | Version | Tinstall | Tcheck | Ttotal | Status | Flags |
---|---|---|---|---|---|---|
r-devel-linux-x86_64-debian-clang | 1.1.2 | 7.70 | 39.67 | 47.37 | OK | |
r-devel-linux-x86_64-debian-gcc | 1.1.2 | 5.51 | 30.85 | 36.36 | OK | |
r-devel-linux-x86_64-fedora-clang | 1.1.2 | 64.57 | NOTE | |||
r-devel-linux-x86_64-fedora-gcc | 1.1.2 | 52.83 | NOTE | |||
r-devel-windows-ix86+x86_64 | 1.1.2 | 15.00 | 67.00 | 82.00 | OK | |
r-patched-linux-x86_64 | 1.1.2 | 6.34 | 39.94 | 46.28 | OK | |
r-patched-solaris-x86 | 1.1.2 | 74.30 | NOTE | |||
r-release-linux-x86_64 | 1.1.2 | 7.58 | 39.09 | 46.67 | OK | |
r-release-macos-x86_64 | 1.1.2 | NOTE | ||||
r-release-windows-ix86+x86_64 | 1.1.2 | 17.00 | 48.00 | 65.00 | OK | |
r-oldrel-macos-x86_64 | 1.1.2 | NOTE | ||||
r-oldrel-windows-ix86+x86_64 | 1.1.2 | 9.00 | 61.00 | 70.00 | OK |
Version: 1.1.2
Check: dependencies in R code
Result: NOTE
Namespace in Imports field not imported from: ‘lhs’
All declared Imports should be used.
Flavors: r-devel-linux-x86_64-fedora-clang, r-devel-linux-x86_64-fedora-gcc, r-patched-solaris-x86, r-release-macos-x86_64, r-oldrel-macos-x86_64