Last updated on 2020-08-19 01:50:10 CEST.
Flavor | Version | Tinstall | Tcheck | Ttotal | Status | Flags |
---|---|---|---|---|---|---|
r-devel-linux-x86_64-debian-clang | 0.2.0 | 56.53 | 47.53 | 104.06 | NOTE | |
r-devel-linux-x86_64-debian-gcc | 0.2.0 | 41.03 | 36.29 | 77.32 | NOTE | |
r-devel-linux-x86_64-fedora-clang | 0.2.0 | 149.09 | NOTE | |||
r-devel-linux-x86_64-fedora-gcc | 0.2.0 | 130.95 | NOTE | |||
r-devel-windows-ix86+x86_64 | 0.2.0 | 157.00 | 122.00 | 279.00 | OK | |
r-patched-linux-x86_64 | 0.2.0 | 43.93 | 46.44 | 90.37 | NOTE | |
r-patched-solaris-x86 | 0.2.0 | 143.60 | NOTE | |||
r-release-linux-x86_64 | 0.2.0 | 45.22 | 47.05 | 92.27 | NOTE | |
r-release-macos-x86_64 | 0.2.0 | NOTE | ||||
r-release-windows-ix86+x86_64 | 0.2.0 | 143.00 | 97.00 | 240.00 | OK | |
r-oldrel-macos-x86_64 | 0.2.0 | OK | ||||
r-oldrel-windows-ix86+x86_64 | 0.2.0 | 107.00 | 120.00 | 227.00 | OK |
Version: 0.2.0
Check: package dependencies
Result: NOTE
Package suggested but not available for checking: 'vcfR'
Flavors: r-devel-linux-x86_64-debian-clang, r-devel-linux-x86_64-debian-gcc, r-devel-linux-x86_64-fedora-clang, r-devel-linux-x86_64-fedora-gcc, r-patched-linux-x86_64, r-patched-solaris-x86, r-release-linux-x86_64, r-release-macos-x86_64