CRAN Package Check Results for Package pheatmap

Last updated on 2020-08-19 01:50:10 CEST.

Flavor Version Tinstall Tcheck Ttotal Status Flags
r-devel-linux-x86_64-debian-clang 1.0.12 3.46 30.59 34.05 NOTE
r-devel-linux-x86_64-debian-gcc 1.0.12 2.94 23.87 26.81 NOTE
r-devel-linux-x86_64-fedora-clang 1.0.12 49.28 NOTE
r-devel-linux-x86_64-fedora-gcc 1.0.12 40.53 NOTE
r-devel-windows-ix86+x86_64 1.0.12 12.00 57.00 69.00 OK
r-patched-linux-x86_64 1.0.12 3.28 30.53 33.81 NOTE
r-patched-solaris-x86 1.0.12 59.70 NOTE
r-release-linux-x86_64 1.0.12 4.23 30.11 34.34 NOTE
r-release-macos-x86_64 1.0.12 OK
r-release-windows-ix86+x86_64 1.0.12 10.00 42.00 52.00 OK
r-oldrel-macos-x86_64 1.0.12 OK
r-oldrel-windows-ix86+x86_64 1.0.12 6.00 55.00 61.00 OK

Check Details

Version: 1.0.12
Check: for non-standard things in the check directory
Result: NOTE
    Found the following files/directories:
     'test.pdf'
Flavors: r-devel-linux-x86_64-debian-clang, r-devel-linux-x86_64-debian-gcc, r-devel-linux-x86_64-fedora-clang, r-devel-linux-x86_64-fedora-gcc, r-patched-linux-x86_64, r-patched-solaris-x86, r-release-linux-x86_64