CRAN Package Check Results for Package phenocamr

Last updated on 2020-08-19 01:50:10 CEST.

Flavor Version Tinstall Tcheck Ttotal Status Flags
r-devel-linux-x86_64-debian-clang 1.1.4 4.09 154.18 158.27 OK
r-devel-linux-x86_64-debian-gcc 1.1.4 3.55 119.01 122.56 OK
r-devel-linux-x86_64-fedora-clang 1.1.4 192.92 NOTE
r-devel-linux-x86_64-fedora-gcc 1.1.4 184.72 NOTE
r-devel-windows-ix86+x86_64 1.1.4 17.00 217.00 234.00 OK
r-patched-linux-x86_64 1.1.4 4.03 151.52 155.55 OK
r-patched-solaris-x86 1.1.4 251.80 NOTE
r-release-linux-x86_64 1.1.4 4.08 151.45 155.53 OK
r-release-macos-x86_64 1.1.4 NOTE
r-release-windows-ix86+x86_64 1.1.4 14.00 177.00 191.00 OK
r-oldrel-macos-x86_64 1.1.4 NOTE
r-oldrel-windows-ix86+x86_64 1.1.4 7.00 177.00 184.00 OK

Check Details

Version: 1.1.4
Check: dependencies in R code
Result: NOTE
    Namespaces in Imports field not imported from:
     ‘jsonlite’ ‘memoise’
     All declared Imports should be used.
Flavors: r-devel-linux-x86_64-fedora-clang, r-devel-linux-x86_64-fedora-gcc, r-patched-solaris-x86, r-release-macos-x86_64, r-oldrel-macos-x86_64