CRAN Package Check Results for Package phenofit

Last updated on 2020-08-19 01:50:10 CEST.

Flavor Version Tinstall Tcheck Ttotal Status Flags
r-devel-linux-x86_64-debian-clang 0.2.7 81.57 171.10 252.67 OK
r-devel-linux-x86_64-debian-gcc 0.2.7 62.68 145.49 208.17 OK
r-devel-linux-x86_64-fedora-clang 0.2.7 317.17 NOTE
r-devel-linux-x86_64-fedora-gcc 0.2.7 299.78 OK
r-devel-windows-ix86+x86_64 0.2.7 208.00 363.00 571.00 OK
r-patched-linux-x86_64 0.2.7 63.11 163.40 226.51 OK
r-patched-solaris-x86 0.2.7 336.50 OK
r-release-linux-x86_64 0.2.7 69.13 161.74 230.87 OK
r-release-macos-x86_64 0.2.7 OK
r-release-windows-ix86+x86_64 0.2.7 209.00 283.00 492.00 OK
r-oldrel-macos-x86_64 0.2.7 OK
r-oldrel-windows-ix86+x86_64 0.2.7 141.00 363.00 504.00 OK

Check Details

Version: 0.2.7
Check: package dependencies
Result: NOTE
    Imports includes 23 non-default packages.
    Importing from so many packages makes the package vulnerable to any of
    them becoming unavailable. Move as many as possible to Suggests and
    use conditionally.
Flavor: r-devel-linux-x86_64-fedora-clang