Last updated on 2020-08-19 01:50:11 CEST.
Flavor | Version | Tinstall | Tcheck | Ttotal | Status | Flags |
---|---|---|---|---|---|---|
r-devel-linux-x86_64-debian-clang | 0.0.7 | 14.25 | 186.19 | 200.44 | OK | |
r-devel-linux-x86_64-debian-gcc | 0.0.7 | 13.36 | 142.69 | 156.05 | OK | |
r-devel-linux-x86_64-fedora-clang | 0.0.7 | 248.10 | OK | |||
r-devel-linux-x86_64-fedora-gcc | 0.0.7 | 235.01 | OK | |||
r-devel-windows-ix86+x86_64 | 0.0.7 | 45.00 | 190.00 | 235.00 | OK | --no-vignettes |
r-patched-linux-x86_64 | 0.0.7 | 14.85 | 178.49 | 193.34 | OK | |
r-patched-solaris-x86 | 0.0.7 | 339.50 | OK | |||
r-release-linux-x86_64 | 0.0.7 | 13.76 | 182.36 | 196.12 | OK | |
r-release-macos-x86_64 | 0.0.7 | OK | ||||
r-release-windows-ix86+x86_64 | 0.0.7 | 46.00 | 132.00 | 178.00 | OK | --no-vignettes |
r-oldrel-macos-x86_64 | 0.0.7 | WARN | ||||
r-oldrel-windows-ix86+x86_64 | 0.0.7 | 28.00 | 184.00 | 212.00 | OK | --no-vignettes |
Version: 0.0.7
Check: re-building of vignette outputs
Result: WARN
Error(s) in re-building vignettes:
...
--- re-building ‘using_plotdap.Rmd’ using rmarkdown
Warning in engine$weave(file, quiet = quiet, encoding = enc) :
Pandoc (>= 1.12.3) and/or pandoc-citeproc not available. Falling back to R Markdown v1.
Quitting from lines 138-146 (using_plotdap.Rmd)
Error: processing vignette 'using_plotdap.Rmd' failed with diagnostics:
Failed to open file /Users/urbanek/Library/Caches/R/rerddap/d3691d4726dcf37b41ff22352dc3ac7e.nc.
--- failed re-building ‘using_plotdap.Rmd’
SUMMARY: processing the following file failed:
‘using_plotdap.Rmd’
Error: Vignette re-building failed.
Execution halted
Flavor: r-oldrel-macos-x86_64