Last updated on 2020-08-19 01:50:11 CEST.
Flavor | Version | Tinstall | Tcheck | Ttotal | Status | Flags |
---|---|---|---|---|---|---|
r-devel-linux-x86_64-debian-clang | 0.1.0 | 9.23 | 60.74 | 69.97 | OK | |
r-devel-linux-x86_64-debian-gcc | 0.1.0 | 7.87 | 45.69 | 53.56 | OK | |
r-devel-linux-x86_64-fedora-clang | 0.1.0 | 94.10 | NOTE | |||
r-devel-linux-x86_64-fedora-gcc | 0.1.0 | 81.97 | NOTE | |||
r-devel-windows-ix86+x86_64 | 0.1.0 | 35.00 | 100.00 | 135.00 | OK | |
r-patched-linux-x86_64 | 0.1.0 | 10.10 | 58.56 | 68.66 | OK | |
r-patched-solaris-x86 | 0.1.0 | 132.10 | NOTE | |||
r-release-linux-x86_64 | 0.1.0 | 10.70 | 59.51 | 70.21 | OK | |
r-release-macos-x86_64 | 0.1.0 | NOTE | ||||
r-release-windows-ix86+x86_64 | 0.1.0 | 39.00 | 78.00 | 117.00 | OK | |
r-oldrel-macos-x86_64 | 0.1.0 | NOTE | ||||
r-oldrel-windows-ix86+x86_64 | 0.1.0 | 19.00 | 74.00 | 93.00 | OK |
Version: 0.1.0
Check: package dependencies
Result: NOTE
Imports includes 25 non-default packages.
Importing from so many packages makes the package vulnerable to any of
them becoming unavailable. Move as many as possible to Suggests and
use conditionally.
Flavor: r-devel-linux-x86_64-fedora-clang
Version: 0.1.0
Check: dependencies in R code
Result: NOTE
Namespaces in Imports field not imported from:
‘rlang’ ‘xts’
All declared Imports should be used.
Flavors: r-devel-linux-x86_64-fedora-clang, r-devel-linux-x86_64-fedora-gcc, r-patched-solaris-x86, r-release-macos-x86_64, r-oldrel-macos-x86_64