Last updated on 2020-08-19 01:50:11 CEST.
Flavor | Version | Tinstall | Tcheck | Ttotal | Status | Flags |
---|---|---|---|---|---|---|
r-devel-linux-x86_64-debian-clang | 0.2.1 | 5.06 | 49.39 | 54.45 | OK | |
r-devel-linux-x86_64-debian-gcc | 0.2.1 | 3.57 | 38.07 | 41.64 | OK | |
r-devel-linux-x86_64-fedora-clang | 0.2.1 | 73.01 | NOTE | |||
r-devel-linux-x86_64-fedora-gcc | 0.2.1 | 64.63 | NOTE | |||
r-devel-windows-ix86+x86_64 | 0.2.1 | 22.00 | 81.00 | 103.00 | OK | |
r-patched-linux-x86_64 | 0.2.1 | 5.15 | 46.93 | 52.08 | OK | |
r-patched-solaris-x86 | 0.2.1 | 101.00 | NOTE | |||
r-release-linux-x86_64 | 0.2.1 | 5.52 | 47.42 | 52.94 | OK | |
r-release-macos-x86_64 | 0.2.1 | NOTE | ||||
r-release-windows-ix86+x86_64 | 0.2.1 | 21.00 | 58.00 | 79.00 | OK | |
r-oldrel-macos-x86_64 | 0.2.1 | NOTE | ||||
r-oldrel-windows-ix86+x86_64 | 0.2.1 | 10.00 | 91.00 | 101.00 | OK |
Version: 0.2.1
Check: dependencies in R code
Result: NOTE
Namespaces in Imports field not imported from:
‘class’ ‘forcats’ ‘irr’ ‘lpSolve’ ‘purrr’
All declared Imports should be used.
Flavors: r-devel-linux-x86_64-fedora-clang, r-devel-linux-x86_64-fedora-gcc, r-patched-solaris-x86, r-release-macos-x86_64, r-oldrel-macos-x86_64