CRAN Package Check Results for Package presser

Last updated on 2020-08-19 01:50:11 CEST.

Flavor Version Tinstall Tcheck Ttotal Status Flags
r-devel-linux-x86_64-debian-clang 1.1.0 11.02 46.01 57.03 OK
r-devel-linux-x86_64-debian-gcc 1.1.0 7.56 37.36 44.92 OK
r-devel-linux-x86_64-fedora-clang 1.1.0 81.22 OK
r-devel-linux-x86_64-fedora-gcc 1.1.0 72.74 OK
r-devel-windows-ix86+x86_64 1.1.0 35.00 122.00 157.00 OK
r-patched-linux-x86_64 1.1.0 8.53 47.08 55.61 OK
r-patched-solaris-x86 1.1.0 97.50 OK
r-release-linux-x86_64 1.1.0 8.11 47.38 55.49 OK
r-release-macos-x86_64 1.1.0 OK
r-release-windows-ix86+x86_64 1.1.0 34.00 100.00 134.00 OK
r-oldrel-macos-x86_64 1.1.0 ERROR
r-oldrel-windows-ix86+x86_64 1.1.0 27.00 130.00 157.00 OK

Check Details

Version: 1.1.0
Check: whether package can be installed
Result: ERROR
    Installation failed.
Flavor: r-oldrel-macos-x86_64