Last updated on 2020-08-19 01:50:11 CEST.
Flavor | Version | Tinstall | Tcheck | Ttotal | Status | Flags |
---|---|---|---|---|---|---|
r-devel-linux-x86_64-debian-clang | 0.6.0 | 4.35 | 77.10 | 81.45 | OK | |
r-devel-linux-x86_64-debian-gcc | 0.6.0 | 3.34 | 60.16 | 63.50 | OK | |
r-devel-linux-x86_64-fedora-clang | 0.6.0 | 104.18 | OK | |||
r-devel-linux-x86_64-fedora-gcc | 0.6.0 | 102.80 | OK | |||
r-devel-windows-ix86+x86_64 | 0.6.0 | 12.00 | 190.00 | 202.00 | OK | |
r-patched-linux-x86_64 | 0.6.0 | 3.83 | 77.38 | 81.21 | OK | |
r-patched-solaris-x86 | 0.6.0 | 151.00 | OK | |||
r-release-linux-x86_64 | 0.6.0 | 3.85 | 77.64 | 81.49 | OK | |
r-release-macos-x86_64 | 0.6.0 | OK | ||||
r-release-windows-ix86+x86_64 | 0.6.0 | 11.00 | 150.00 | 161.00 | OK | |
r-oldrel-macos-x86_64 | 0.6.0 | NOTE | ||||
r-oldrel-windows-ix86+x86_64 | 0.6.0 | 7.00 | 205.00 | 212.00 | OK |
Version: 0.6.0
Check: dependencies in R code
Result: NOTE
No protocol specified
No protocol specified
Flavor: r-oldrel-macos-x86_64