Last updated on 2020-08-19 01:50:12 CEST.
Flavor | Version | Tinstall | Tcheck | Ttotal | Status | Flags |
---|---|---|---|---|---|---|
r-devel-linux-x86_64-debian-clang | 0.3.7 | 8.27 | 530.99 | 539.26 | OK | |
r-devel-linux-x86_64-debian-gcc | 0.3.7 | 6.71 | 431.26 | 437.97 | OK | |
r-devel-linux-x86_64-fedora-clang | 0.3.7 | 593.61 | OK | |||
r-devel-linux-x86_64-fedora-gcc | 0.3.7 | 584.60 | OK | |||
r-devel-windows-ix86+x86_64 | 0.3.7 | 21.00 | 642.00 | 663.00 | OK | |
r-patched-linux-x86_64 | 0.3.7 | 7.87 | 486.22 | 494.09 | OK | |
r-patched-solaris-x86 | 0.3.7 | 460.10 | ERROR | |||
r-release-linux-x86_64 | 0.3.7 | 7.92 | 498.99 | 506.91 | OK | |
r-release-macos-x86_64 | 0.3.7 | OK | ||||
r-release-windows-ix86+x86_64 | 0.3.7 | 24.00 | 658.00 | 682.00 | OK | |
r-oldrel-macos-x86_64 | 0.3.7 | OK | ||||
r-oldrel-windows-ix86+x86_64 | 0.3.7 | 13.00 | 466.00 | 479.00 | OK |
Version: 0.3.7
Check: tests
Result: ERROR
Running ‘testthat.R’ [0m/180m]
Running the tests in ‘tests/testthat.R’ failed.
Complete output:
> suppressPackageStartupMessages(library(testthat))
> suppressPackageStartupMessages(library(pulsar))
>
> testthat::test_check("pulsar")
*** caught segfault ***
address 1b, cause 'memory not mapped'
Flavor: r-patched-solaris-x86