Last updated on 2020-08-19 01:50:12 CEST.
Flavor | Version | Tinstall | Tcheck | Ttotal | Status | Flags |
---|---|---|---|---|---|---|
r-devel-linux-x86_64-debian-clang | 0.1.0 | 27.51 | 72.49 | 100.00 | OK | |
r-devel-linux-x86_64-debian-gcc | 0.1.0 | 19.43 | 56.38 | 75.81 | OK | |
r-devel-linux-x86_64-fedora-clang | 0.1.0 | 133.72 | NOTE | |||
r-devel-linux-x86_64-fedora-gcc | 0.1.0 | 119.85 | NOTE | |||
r-devel-windows-ix86+x86_64 | 0.1.0 | 78.00 | 151.00 | 229.00 | OK | |
r-patched-linux-x86_64 | 0.1.0 | 20.81 | 72.11 | 92.92 | OK | |
r-patched-solaris-x86 | 0.1.0 | 154.60 | OK | |||
r-release-linux-x86_64 | 0.1.0 | 21.38 | 71.26 | 92.64 | OK | |
r-release-macos-x86_64 | 0.1.0 | OK | ||||
r-release-windows-ix86+x86_64 | 0.1.0 | 76.00 | 119.00 | 195.00 | OK | |
r-oldrel-macos-x86_64 | 0.1.0 | OK | ||||
r-oldrel-windows-ix86+x86_64 | 0.1.0 | 55.00 | 143.00 | 198.00 | OK |
Version: 0.1.0
Check: compiled code
Result: NOTE
File ‘qrencoder/libs/qrencoder.so’:
Found no calls to: ‘R_registerRoutines’, ‘R_useDynamicSymbols’
It is good practice to register native routines and to disable symbol
search.
See ‘Writing portable packages’ in the ‘Writing R Extensions’ manual.
Flavors: r-devel-linux-x86_64-fedora-clang, r-devel-linux-x86_64-fedora-gcc