Last updated on 2020-08-19 01:50:12 CEST.
Flavor | Version | Tinstall | Tcheck | Ttotal | Status | Flags |
---|---|---|---|---|---|---|
r-devel-linux-x86_64-debian-clang | 1.3.0 | 116.50 | 105.04 | 221.54 | OK | |
r-devel-linux-x86_64-debian-gcc | 1.3.0 | 86.85 | 76.02 | 162.87 | OK | |
r-devel-linux-x86_64-fedora-clang | 1.3.0 | 286.82 | NOTE | |||
r-devel-linux-x86_64-fedora-gcc | 1.3.0 | 274.94 | OK | |||
r-devel-windows-ix86+x86_64 | 1.3.0 | 259.00 | 263.00 | 522.00 | OK | |
r-patched-linux-x86_64 | 1.3.0 | 91.24 | 102.16 | 193.40 | OK | |
r-patched-solaris-x86 | 1.3.0 | 241.20 | OK | |||
r-release-linux-x86_64 | 1.3.0 | 98.94 | 105.05 | 203.99 | OK | |
r-release-macos-x86_64 | 1.3.0 | NOTE | ||||
r-release-windows-ix86+x86_64 | 1.3.0 | 262.00 | 204.00 | 466.00 | OK | |
r-oldrel-macos-x86_64 | 1.3.0 | NOTE | ||||
r-oldrel-windows-ix86+x86_64 | 1.3.0 | 182.00 | 242.00 | 424.00 | OK |
Version: 1.3.0
Check: installed package size
Result: NOTE
installed size is 21.4Mb
sub-directories of 1Mb or more:
libs 21.1Mb
Flavors: r-devel-linux-x86_64-fedora-clang, r-release-macos-x86_64, r-oldrel-macos-x86_64