Last updated on 2020-08-19 01:50:12 CEST.
Flavor | Version | Tinstall | Tcheck | Ttotal | Status | Flags |
---|---|---|---|---|---|---|
r-devel-linux-x86_64-debian-clang | 0.4.3 | 31.89 | 40.15 | 72.04 | NOTE | |
r-devel-linux-x86_64-debian-gcc | 0.4.3 | 25.13 | 31.74 | 56.87 | NOTE | |
r-devel-linux-x86_64-fedora-clang | 0.4.3 | 103.34 | NOTE | |||
r-devel-linux-x86_64-fedora-gcc | 0.4.3 | 94.94 | NOTE | |||
r-devel-windows-ix86+x86_64 | 0.4.3 | 90.00 | 99.00 | 189.00 | NOTE | |
r-patched-linux-x86_64 | 0.4.3 | 25.88 | 40.54 | 66.42 | NOTE | |
r-patched-solaris-x86 | 0.4.3 | 109.90 | WARN | |||
r-release-linux-x86_64 | 0.4.3 | 25.93 | 40.57 | 66.50 | NOTE | |
r-release-macos-x86_64 | 0.4.3 | WARN | ||||
r-release-windows-ix86+x86_64 | 0.4.3 | 94.00 | 76.00 | 170.00 | NOTE | |
r-oldrel-macos-x86_64 | 0.4.3 | WARN | ||||
r-oldrel-windows-ix86+x86_64 | 0.4.3 | 67.00 | 95.00 | 162.00 | NOTE |
Version: 0.4.3
Check: for GNU extensions in Makefiles
Result: NOTE
GNU make is a SystemRequirements.
Flavors: r-devel-linux-x86_64-debian-clang, r-devel-linux-x86_64-debian-gcc, r-devel-linux-x86_64-fedora-clang, r-devel-linux-x86_64-fedora-gcc, r-devel-windows-ix86+x86_64, r-patched-linux-x86_64, r-patched-solaris-x86, r-release-linux-x86_64, r-release-macos-x86_64, r-release-windows-ix86+x86_64, r-oldrel-macos-x86_64, r-oldrel-windows-ix86+x86_64
Version: 0.4.3
Check: re-building of vignette outputs
Result: WARN
Error(s) in re-building vignettes:
...
--- re-building ‘introduction.Rmd’ using rmarkdown
Warning in engine$weave(file, quiet = quiet, encoding = enc) :
Pandoc (>= 1.12.3) and/or pandoc-citeproc not available. Falling back to R Markdown v1.
Quitting from lines 83-117 (introduction.Rmd)
Error: processing vignette 'introduction.Rmd' failed with diagnostics:
cannot open the connection
--- failed re-building ‘introduction.Rmd’
SUMMARY: processing the following file failed:
‘introduction.Rmd’
Error: Vignette re-building failed.
Execution halted
Flavors: r-patched-solaris-x86, r-release-macos-x86_64, r-oldrel-macos-x86_64