Last updated on 2020-08-19 01:50:12 CEST.
Flavor | Version | Tinstall | Tcheck | Ttotal | Status | Flags |
---|---|---|---|---|---|---|
r-devel-linux-x86_64-debian-clang | 0.1.2 | 3.13 | 42.62 | 45.75 | OK | |
r-devel-linux-x86_64-debian-gcc | 0.1.2 | 2.79 | 31.85 | 34.64 | OK | |
r-devel-linux-x86_64-fedora-clang | 0.1.2 | 65.31 | NOTE | |||
r-devel-linux-x86_64-fedora-gcc | 0.1.2 | 54.65 | NOTE | |||
r-devel-windows-ix86+x86_64 | 0.1.2 | 12.00 | 70.00 | 82.00 | OK | |
r-patched-linux-x86_64 | 0.1.2 | 2.48 | 41.97 | 44.45 | OK | |
r-patched-solaris-x86 | 0.1.2 | 81.30 | NOTE | |||
r-release-linux-x86_64 | 0.1.2 | 2.92 | 41.49 | 44.41 | OK | |
r-release-macos-x86_64 | 0.1.2 | NOTE | ||||
r-release-windows-ix86+x86_64 | 0.1.2 | 9.00 | 55.00 | 64.00 | OK | |
r-oldrel-macos-x86_64 | 0.1.2 | NOTE | ||||
r-oldrel-windows-ix86+x86_64 | 0.1.2 | 7.00 | 71.00 | 78.00 | OK |
Version: 0.1.2
Check: dependencies in R code
Result: NOTE
Namespaces in Imports field not imported from:
‘data.table’ ‘dplyr’ ‘lmerTest’
All declared Imports should be used.
Flavors: r-devel-linux-x86_64-fedora-clang, r-devel-linux-x86_64-fedora-gcc, r-patched-solaris-x86, r-release-macos-x86_64, r-oldrel-macos-x86_64