Last updated on 2020-08-19 01:50:13 CEST.
Flavor | Version | Tinstall | Tcheck | Ttotal | Status | Flags |
---|---|---|---|---|---|---|
r-devel-linux-x86_64-debian-clang | 1.1-1 | 3.55 | 40.30 | 43.85 | OK | |
r-devel-linux-x86_64-debian-gcc | 1.1-1 | 2.59 | 31.47 | 34.06 | OK | |
r-devel-linux-x86_64-fedora-clang | 1.1-1 | 62.62 | OK | |||
r-devel-linux-x86_64-fedora-gcc | 1.1-1 | 52.15 | OK | |||
r-devel-windows-ix86+x86_64 | 1.1-1 | 11.00 | 77.00 | 88.00 | OK | |
r-patched-linux-x86_64 | 1.1-1 | 3.24 | 39.29 | 42.53 | OK | |
r-patched-solaris-x86 | 1.1-1 | 73.40 | OK | |||
r-release-linux-x86_64 | 1.1-1 | 3.14 | 39.06 | 42.20 | OK | |
r-release-macos-x86_64 | 1.1-1 | OK | ||||
r-release-windows-ix86+x86_64 | 1.1-1 | 10.00 | 57.00 | 67.00 | OK | |
r-oldrel-macos-x86_64 | 1.1-1 | NOTE | ||||
r-oldrel-windows-ix86+x86_64 | 1.1-1 | 8.00 | 74.00 | 82.00 | OK |
Version: 1.1-1
Check: package dependencies
Result: NOTE
Packages suggested but not available for checking:
'Biostrings', 'GOSemSim', 'org.Hs.eg.db'
Flavor: r-oldrel-macos-x86_64