CRAN Package Check Results for Package ragt2ridges

Last updated on 2020-08-19 01:50:12 CEST.

Flavor Version Tinstall Tcheck Ttotal Status Flags
r-devel-linux-x86_64-debian-clang 0.3.4 85.31 182.85 268.16 OK
r-devel-linux-x86_64-debian-gcc 0.3.4 69.30 134.58 203.88 OK
r-devel-linux-x86_64-fedora-clang 0.3.4 348.06 NOTE
r-devel-linux-x86_64-fedora-gcc 0.3.4 322.77 NOTE
r-devel-windows-ix86+x86_64 0.3.4 200.00 357.00 557.00 OK
r-patched-linux-x86_64 0.3.4 65.89 175.24 241.13 OK
r-patched-solaris-x86 0.3.4 374.70 NOTE
r-release-linux-x86_64 0.3.4 67.91 176.19 244.10 OK
r-release-macos-x86_64 0.3.4 NOTE
r-release-windows-ix86+x86_64 0.3.4 188.00 292.00 480.00 OK
r-oldrel-macos-x86_64 0.3.4 NOTE
r-oldrel-windows-ix86+x86_64 0.3.4 132.00 361.00 493.00 OK

Check Details

Version: 0.3.4
Check: installed package size
Result: NOTE
     installed size is 10.2Mb
     sub-directories of 1Mb or more:
     libs 9.5Mb
Flavors: r-devel-linux-x86_64-fedora-clang, r-release-macos-x86_64, r-oldrel-macos-x86_64

Version: 0.3.4
Check: dependencies in R code
Result: NOTE
    Namespaces in Imports field not imported from:
     ‘Biobase’ ‘CGHbase’
     All declared Imports should be used.
Flavors: r-devel-linux-x86_64-fedora-clang, r-devel-linux-x86_64-fedora-gcc, r-patched-solaris-x86, r-release-macos-x86_64, r-oldrel-macos-x86_64

Version: 0.3.4
Check: Rd cross-references
Result: NOTE
    Undeclared packages ‘longitudinal’, ‘gRbase’ in Rd xrefs
Flavor: r-devel-linux-x86_64-fedora-clang