CRAN Package Check Results for Package randomNames

Last updated on 2020-08-19 01:50:12 CEST.

Flavor Version Tinstall Tcheck Ttotal Status Flags
r-devel-linux-x86_64-debian-clang 1.4-0.0 4.52 30.61 35.13 OK
r-devel-linux-x86_64-debian-gcc 1.4-0.0 3.45 23.58 27.03 OK
r-devel-linux-x86_64-fedora-clang 1.4-0.0 51.31 OK
r-devel-linux-x86_64-fedora-gcc 1.4-0.0 41.80 OK
r-devel-windows-ix86+x86_64 1.4-0.0 12.00 53.00 65.00 OK
r-patched-linux-x86_64 1.4-0.0 4.21 29.27 33.48 OK
r-patched-solaris-x86 1.4-0.0 64.90 WARN
r-release-linux-x86_64 1.4-0.0 4.76 29.54 34.30 OK
r-release-macos-x86_64 1.4-0.0 WARN
r-release-windows-ix86+x86_64 1.4-0.0 13.00 40.00 53.00 OK
r-oldrel-macos-x86_64 1.4-0.0 WARN
r-oldrel-windows-ix86+x86_64 1.4-0.0 7.00 57.00 64.00 OK

Check Details

Version: 1.4-0.0
Check: re-building of vignette outputs
Result: WARN
    Error(s) in re-building vignettes:
     ...
    --- re-building ‘randomNames.Rmd’ using rmarkdown
    Warning in engine$weave(file, quiet = quiet, encoding = enc) :
     Pandoc (>= 1.12.3) and/or pandoc-citeproc not available. Falling back to R Markdown v1.
    Quitting from lines 13-26 (randomNames.Rmd)
    Error: processing vignette 'randomNames.Rmd' failed with diagnostics:
    argument is of length zero
    --- failed re-building ‘randomNames.Rmd’
    
    SUMMARY: processing the following file failed:
     ‘randomNames.Rmd’
    
    Error: Vignette re-building failed.
    Execution halted
Flavors: r-patched-solaris-x86, r-release-macos-x86_64, r-oldrel-macos-x86_64