CRAN Package Check Results for Package randquotes

Last updated on 2020-08-19 01:50:12 CEST.

Flavor Version Tinstall Tcheck Ttotal Status Flags
r-devel-linux-x86_64-debian-clang 0.1.1 1.80 23.02 24.82 OK
r-devel-linux-x86_64-debian-gcc 0.1.1 1.57 18.15 19.72 OK
r-devel-linux-x86_64-fedora-clang 0.1.1 38.30 NOTE
r-devel-linux-x86_64-fedora-gcc 0.1.1 29.31 NOTE
r-devel-windows-ix86+x86_64 0.1.1 8.00 45.00 53.00 OK
r-patched-linux-x86_64 0.1.1 1.80 22.67 24.47 OK
r-patched-solaris-x86 0.1.1 46.20 NOTE
r-release-linux-x86_64 0.1.1 1.96 22.56 24.52 OK
r-release-macos-x86_64 0.1.1 NOTE
r-release-windows-ix86+x86_64 0.1.1 7.00 37.00 44.00 OK
r-oldrel-macos-x86_64 0.1.1 NOTE
r-oldrel-windows-ix86+x86_64 0.1.1 4.00 52.00 56.00 OK

Check Details

Version: 0.1.1
Check: dependencies in R code
Result: NOTE
    Namespaces in Imports field not imported from:
     ‘curl’ ‘jsonlite’
     All declared Imports should be used.
Flavors: r-devel-linux-x86_64-fedora-clang, r-devel-linux-x86_64-fedora-gcc, r-patched-solaris-x86, r-release-macos-x86_64, r-oldrel-macos-x86_64