Last updated on 2020-08-19 01:50:12 CEST.
Flavor | Version | Tinstall | Tcheck | Ttotal | Status | Flags |
---|---|---|---|---|---|---|
r-devel-linux-x86_64-debian-clang | 0.12.1 | 107.14 | 101.09 | 208.23 | OK | |
r-devel-linux-x86_64-debian-gcc | 0.12.1 | 81.24 | 77.52 | 158.76 | OK | |
r-devel-linux-x86_64-fedora-clang | 0.12.1 | 282.65 | NOTE | |||
r-devel-linux-x86_64-fedora-gcc | 0.12.1 | 256.09 | OK | |||
r-devel-windows-ix86+x86_64 | 0.12.1 | 246.00 | 195.00 | 441.00 | OK | |
r-patched-linux-x86_64 | 0.12.1 | 86.58 | 99.45 | 186.03 | OK | |
r-patched-solaris-x86 | 0.12.1 | 338.70 | OK | |||
r-release-linux-x86_64 | 0.12.1 | 83.36 | 100.13 | 183.49 | OK | |
r-release-macos-x86_64 | 0.12.1 | NOTE | ||||
r-release-windows-ix86+x86_64 | 0.12.1 | 247.00 | 158.00 | 405.00 | OK | |
r-oldrel-macos-x86_64 | 0.12.1 | NOTE | ||||
r-oldrel-windows-ix86+x86_64 | 0.12.1 | 196.00 | 197.00 | 393.00 | OK |
Version: 0.12.1
Check: installed package size
Result: NOTE
installed size is 8.9Mb
sub-directories of 1Mb or more:
libs 8.6Mb
Flavors: r-devel-linux-x86_64-fedora-clang, r-release-macos-x86_64, r-oldrel-macos-x86_64