CRAN Package Check Results for Package rccmisc

Last updated on 2020-08-19 01:50:13 CEST.

Flavor Version Tinstall Tcheck Ttotal Status Flags
r-devel-linux-x86_64-debian-clang 0.3.7 2.34 25.52 27.86 OK
r-devel-linux-x86_64-debian-gcc 0.3.7 2.03 20.40 22.43 OK
r-devel-linux-x86_64-fedora-clang 0.3.7 42.85 NOTE
r-devel-linux-x86_64-fedora-gcc 0.3.7 34.03 NOTE
r-devel-windows-ix86+x86_64 0.3.7 8.00 51.00 59.00 OK
r-patched-linux-x86_64 0.3.7 2.50 25.55 28.05 OK
r-patched-solaris-x86 0.3.7 53.70 NOTE
r-release-linux-x86_64 0.3.7 2.52 26.04 28.56 OK
r-release-macos-x86_64 0.3.7 NOTE
r-release-windows-ix86+x86_64 0.3.7 11.00 40.00 51.00 OK
r-oldrel-macos-x86_64 0.3.7 NOTE
r-oldrel-windows-ix86+x86_64 0.3.7 7.00 61.00 68.00 OK

Check Details

Version: 0.3.7
Check: dependencies in R code
Result: NOTE
    Namespace in Imports field not imported from: ‘dplyr’
     All declared Imports should be used.
Flavors: r-devel-linux-x86_64-fedora-clang, r-devel-linux-x86_64-fedora-gcc, r-patched-solaris-x86, r-release-macos-x86_64, r-oldrel-macos-x86_64