Last updated on 2020-08-19 01:50:13 CEST.
Flavor | Version | Tinstall | Tcheck | Ttotal | Status | Flags |
---|---|---|---|---|---|---|
r-devel-linux-x86_64-debian-clang | 2.0.0 | 4.62 | 22.85 | 27.47 | OK | |
r-devel-linux-x86_64-debian-gcc | 2.0.0 | 3.75 | 18.10 | 21.85 | OK | |
r-devel-linux-x86_64-fedora-clang | 2.0.0 | 40.88 | NOTE | |||
r-devel-linux-x86_64-fedora-gcc | 2.0.0 | 31.12 | OK | |||
r-devel-windows-ix86+x86_64 | 2.0.0 | 18.00 | 45.00 | 63.00 | NOTE | |
r-patched-linux-x86_64 | 2.0.0 | 3.92 | 22.49 | 26.41 | OK | |
r-patched-solaris-x86 | 2.0.0 | 58.70 | NOTE | |||
r-release-linux-x86_64 | 2.0.0 | 4.62 | 22.32 | 26.94 | OK | |
r-release-macos-x86_64 | 2.0.0 | NOTE | ||||
r-release-windows-ix86+x86_64 | 2.0.0 | 15.00 | 36.00 | 51.00 | NOTE | |
r-oldrel-macos-x86_64 | 2.0.0 | NOTE | ||||
r-oldrel-windows-ix86+x86_64 | 2.0.0 | 10.00 | 60.00 | 70.00 | NOTE |
Version: 2.0.0
Check: installed package size
Result: NOTE
installed size is 7.8Mb
sub-directories of 1Mb or more:
corpora 7.6Mb
Flavors: r-devel-linux-x86_64-fedora-clang, r-devel-windows-ix86+x86_64, r-patched-solaris-x86, r-release-macos-x86_64, r-release-windows-ix86+x86_64, r-oldrel-macos-x86_64, r-oldrel-windows-ix86+x86_64