Last updated on 2020-08-19 01:50:13 CEST.
Flavor | Version | Tinstall | Tcheck | Ttotal | Status | Flags |
---|---|---|---|---|---|---|
r-devel-linux-x86_64-debian-clang | 0.4.3 | 7.65 | 132.02 | 139.67 | OK | |
r-devel-linux-x86_64-debian-gcc | 0.4.3 | 5.70 | 94.53 | 100.23 | OK | |
r-devel-linux-x86_64-fedora-clang | 0.4.3 | 167.22 | OK | |||
r-devel-linux-x86_64-fedora-gcc | 0.4.3 | 151.33 | OK | |||
r-devel-windows-ix86+x86_64 | 0.4.3 | 32.00 | 112.00 | 144.00 | WARN | |
r-patched-linux-x86_64 | 0.4.3 | 8.20 | 126.21 | 134.41 | OK | |
r-patched-solaris-x86 | 0.4.3 | 218.90 | OK | |||
r-release-linux-x86_64 | 0.4.3 | 7.58 | 126.58 | 134.16 | OK | |
r-release-macos-x86_64 | 0.4.3 | OK | ||||
r-release-windows-ix86+x86_64 | 0.4.3 | 27.00 | 79.00 | 106.00 | WARN | |
r-oldrel-macos-x86_64 | 0.4.3 | OK | ||||
r-oldrel-windows-ix86+x86_64 | 0.4.3 | 15.00 | 114.00 | 129.00 | WARN |
Version: 0.4.3
Check: re-building of vignette outputs
Result: WARN
Error(s) in re-building vignettes:
--- re-building 'readabs_vignette.Rmd' using rmarkdown
Quitting from lines 64-67 (readabs_vignette.Rmd)
Error: processing vignette 'readabs_vignette.Rmd' failed with diagnostics:
cannot open URL 'https://ausstats.abs.gov.au/servlet/TSSearchServlet?catno=6345.0&pg=1'
--- failed re-building 'readabs_vignette.Rmd'
SUMMARY: processing the following file failed:
'readabs_vignette.Rmd'
Error: Vignette re-building failed.
Execution halted
Flavors: r-devel-windows-ix86+x86_64, r-release-windows-ix86+x86_64, r-oldrel-windows-ix86+x86_64