CRAN Package Check Results for Package refuge

Last updated on 2020-08-19 01:50:13 CEST.

Flavor Version Tinstall Tcheck Ttotal Status Flags
r-devel-linux-x86_64-debian-clang 0.3.2 3.80 59.57 63.37 OK
r-devel-linux-x86_64-debian-gcc 0.3.2 2.75 46.12 48.87 OK
r-devel-linux-x86_64-fedora-clang 0.3.2 68.50 OK
r-devel-linux-x86_64-fedora-gcc 0.3.2 57.09 OK
r-devel-windows-ix86+x86_64 0.3.2 19.00 324.00 343.00 OK
r-patched-linux-x86_64 0.3.2 4.47 58.66 63.13 OK
r-patched-solaris-x86 0.3.2 84.30 OK
r-release-linux-x86_64 0.3.2 3.75 55.58 59.33 WARN
r-release-macos-x86_64 0.3.2 OK
r-release-windows-ix86+x86_64 0.3.2 14.00 329.00 343.00 OK
r-oldrel-macos-x86_64 0.3.2 OK
r-oldrel-windows-ix86+x86_64 0.3.2 7.00 439.00 446.00 OK

Check Details

Version: 0.3.2
Check: re-building of vignette outputs
Result: WARN
    Error(s) in re-building vignettes:
     ...
    --- re-building ‘introduction.Rmd’ using rmarkdown
    Quitting from lines 27-67 (introduction.Rmd)
    Error: processing vignette 'introduction.Rmd' failed with diagnostics:
    Timeout was reached: [www.refugerestrooms.org:443] Operation timed out after 10001 milliseconds with 0 out of 0 bytes received
    --- failed re-building ‘introduction.Rmd’
    
    SUMMARY: processing the following file failed:
     ‘introduction.Rmd’
    
    Error: Vignette re-building failed.
    Execution halted
Flavor: r-release-linux-x86_64