Last updated on 2020-08-19 01:50:13 CEST.
Flavor | Version | Tinstall | Tcheck | Ttotal | Status | Flags |
---|---|---|---|---|---|---|
r-devel-linux-x86_64-debian-clang | 0.4.0 | 175.90 | 31.98 | 207.88 | OK | |
r-devel-linux-x86_64-debian-gcc | 0.4.0 | 126.52 | 24.92 | 151.44 | OK | |
r-devel-linux-x86_64-fedora-clang | 0.4.0 | 316.91 | NOTE | |||
r-devel-linux-x86_64-fedora-gcc | 0.4.0 | 272.57 | OK | |||
r-devel-windows-ix86+x86_64 | 0.4.0 | 459.00 | 84.00 | 543.00 | OK | |
r-patched-linux-x86_64 | 0.4.0 | 137.10 | 31.44 | 168.54 | OK | |
r-patched-solaris-x86 | 0.4.0 | 222.80 | OK | |||
r-release-linux-x86_64 | 0.4.0 | 134.68 | 31.59 | 166.27 | OK | |
r-release-macos-x86_64 | 0.4.0 | NOTE | ||||
r-release-windows-ix86+x86_64 | 0.4.0 | 449.00 | 69.00 | 518.00 | OK | |
r-oldrel-macos-x86_64 | 0.4.0 | NOTE | ||||
r-oldrel-windows-ix86+x86_64 | 0.4.0 | 328.00 | 89.00 | 417.00 | OK |
Version: 0.4.0
Check: installed package size
Result: NOTE
installed size is 6.5Mb
sub-directories of 1Mb or more:
data 1.6Mb
libs 4.8Mb
Flavors: r-devel-linux-x86_64-fedora-clang, r-release-macos-x86_64, r-oldrel-macos-x86_64