CRAN Package Check Results for Package relations

Last updated on 2020-08-19 01:50:13 CEST.

Flavor Version Tinstall Tcheck Ttotal Status Flags
r-devel-linux-x86_64-debian-clang 0.6-9 10.39 79.26 89.65 OK
r-devel-linux-x86_64-debian-gcc 0.6-9 8.84 58.90 67.74 OK
r-devel-linux-x86_64-fedora-clang 0.6-9 113.90 NOTE
r-devel-linux-x86_64-fedora-gcc 0.6-9 106.23 NOTE
r-devel-windows-ix86+x86_64 0.6-9 22.00 121.00 143.00 NOTE
r-patched-linux-x86_64 0.6-9 10.14 77.52 87.66 OK
r-patched-solaris-x86 0.6-9 143.90 NOTE
r-release-linux-x86_64 0.6-9 11.48 78.05 89.53 OK
r-release-macos-x86_64 0.6-9 NOTE
r-release-windows-ix86+x86_64 0.6-9 21.00 98.00 119.00 NOTE
r-oldrel-macos-x86_64 0.6-9 NOTE
r-oldrel-windows-ix86+x86_64 0.6-9 15.00 116.00 131.00 NOTE

Check Details

Version: 0.6-9
Check: package dependencies
Result: NOTE
    Package which this enhances but not available for checking: ‘Rcplex’
Flavors: r-devel-linux-x86_64-fedora-clang, r-devel-linux-x86_64-fedora-gcc, r-devel-windows-ix86+x86_64, r-release-windows-ix86+x86_64, r-oldrel-windows-ix86+x86_64

Version: 0.6-9
Check: Rd cross-references
Result: NOTE
    Undeclared package ‘graph’ in Rd xrefs
Flavor: r-devel-linux-x86_64-fedora-clang

Version: 0.6-9
Check: package dependencies
Result: NOTE
    Package suggested but not available for checking: ‘Rsymphony’
    
    Package which this enhances but not available for checking: ‘Rcplex’
Flavors: r-patched-solaris-x86, r-release-macos-x86_64, r-oldrel-macos-x86_64