CRAN Package Check Results for Package rematch2

Last updated on 2020-08-19 01:50:13 CEST.

Flavor Version Tinstall Tcheck Ttotal Status Flags
r-devel-linux-x86_64-debian-clang 2.1.2 3.33 30.66 33.99 OK
r-devel-linux-x86_64-debian-gcc 2.1.2 2.46 23.44 25.90 OK
r-devel-linux-x86_64-fedora-clang 2.1.2 48.58 NOTE
r-devel-linux-x86_64-fedora-gcc 2.1.2 39.60 OK
r-devel-windows-ix86+x86_64 2.1.2 12.00 57.00 69.00 OK
r-patched-linux-x86_64 2.1.2 3.29 30.56 33.85 OK
r-patched-solaris-x86 2.1.2 60.20 OK
r-release-linux-x86_64 2.1.2 3.06 30.24 33.30 OK
r-release-macos-x86_64 2.1.2 OK
r-release-windows-ix86+x86_64 2.1.2 13.00 43.00 56.00 OK
r-oldrel-macos-x86_64 2.1.2 OK
r-oldrel-windows-ix86+x86_64 2.1.2 6.00 65.00 71.00 OK

Check Details

Version: 2.1.2
Check: Rd cross-references
Result: NOTE
    Undeclared package ‘magrittr’ in Rd xrefs
Flavor: r-devel-linux-x86_64-fedora-clang