Last updated on 2020-08-19 01:50:13 CEST.
Flavor | Version | Tinstall | Tcheck | Ttotal | Status | Flags |
---|---|---|---|---|---|---|
r-devel-linux-x86_64-debian-clang | 1.16 | 52.56 | 91.66 | 144.22 | OK | |
r-devel-linux-x86_64-debian-gcc | 1.16 | 40.74 | 69.97 | 110.71 | OK | |
r-devel-linux-x86_64-fedora-clang | 1.16 | 195.57 | NOTE | |||
r-devel-linux-x86_64-fedora-gcc | 1.16 | 183.44 | OK | |||
r-devel-windows-ix86+x86_64 | 1.16 | 135.00 | 180.00 | 315.00 | OK | |
r-patched-linux-x86_64 | 1.16 | 46.36 | 91.11 | 137.47 | OK | |
r-patched-solaris-x86 | 1.16 | 217.30 | OK | |||
r-release-linux-x86_64 | 1.16 | 47.45 | 89.59 | 137.04 | OK | |
r-release-macos-x86_64 | 1.16 | OK | ||||
r-release-windows-ix86+x86_64 | 1.16 | 136.00 | 139.00 | 275.00 | OK | |
r-oldrel-macos-x86_64 | 1.16 | OK | ||||
r-oldrel-windows-ix86+x86_64 | 1.16 | 101.00 | 172.00 | 273.00 | OK |
Version: 1.16
Check: installed package size
Result: NOTE
installed size is 5.1Mb
sub-directories of 1Mb or more:
doc 1.1Mb
libs 3.4Mb
Flavor: r-devel-linux-x86_64-fedora-clang