CRAN Package Check Results for Package riskParityPortfolio

Last updated on 2020-08-19 01:50:14 CEST.

Flavor Version Tinstall Tcheck Ttotal Status Flags
r-devel-linux-x86_64-debian-clang 0.2.1 87.36 50.68 138.04 OK
r-devel-linux-x86_64-debian-gcc 0.2.1 67.45 41.11 108.56 OK
r-devel-linux-x86_64-fedora-clang 0.2.1 204.41 NOTE
r-devel-linux-x86_64-fedora-gcc 0.2.1 187.05 OK
r-devel-windows-ix86+x86_64 0.2.1 219.00 112.00 331.00 OK
r-patched-linux-x86_64 0.2.1 78.15 55.32 133.47 OK
r-patched-solaris-x86 0.2.1 161.40 OK
r-release-linux-x86_64 0.2.1 79.25 53.68 132.93 OK
r-release-macos-x86_64 0.2.1 NOTE
r-release-windows-ix86+x86_64 0.2.1 211.00 83.00 294.00 OK
r-oldrel-macos-x86_64 0.2.1 NOTE
r-oldrel-windows-ix86+x86_64 0.2.1 158.00 122.00 280.00 OK

Check Details

Version: 0.2.1
Check: installed package size
Result: NOTE
     installed size is 24.5Mb
     sub-directories of 1Mb or more:
     doc 1.4Mb
     libs 22.9Mb
Flavors: r-devel-linux-x86_64-fedora-clang, r-release-macos-x86_64, r-oldrel-macos-x86_64