Last updated on 2020-08-19 01:50:14 CEST.
Flavor | Version | Tinstall | Tcheck | Ttotal | Status | Flags |
---|---|---|---|---|---|---|
r-devel-linux-x86_64-debian-clang | 2020.02.05 | 201.04 | 393.07 | 594.11 | OK | |
r-devel-linux-x86_64-debian-gcc | 2020.02.05 | 153.55 | 282.16 | 435.71 | OK | |
r-devel-linux-x86_64-fedora-clang | 2020.02.05 | 752.88 | NOTE | |||
r-devel-linux-x86_64-fedora-gcc | 2020.02.05 | 709.22 | OK | |||
r-devel-windows-ix86+x86_64 | 2020.02.05 | 511.00 | 840.00 | 1351.00 | OK | |
r-patched-linux-x86_64 | 2020.02.05 | 146.28 | 372.62 | 518.90 | OK | |
r-patched-solaris-x86 | 2020.02.05 | 851.70 | OK | |||
r-release-linux-x86_64 | 2020.02.05 | 135.74 | 368.60 | 504.34 | OK | |
r-release-macos-x86_64 | 2020.02.05 | NOTE | ||||
r-release-windows-ix86+x86_64 | 2020.02.05 | 517.00 | 630.00 | 1147.00 | OK | |
r-oldrel-macos-x86_64 | 2020.02.05 | NOTE | ||||
r-oldrel-windows-ix86+x86_64 | 2020.02.05 | 371.00 | 852.00 | 1223.00 | OK |
Version: 2020.02.05
Check: installed package size
Result: NOTE
installed size is 8.5Mb
sub-directories of 1Mb or more:
libs 7.2Mb
Flavors: r-devel-linux-x86_64-fedora-clang, r-release-macos-x86_64, r-oldrel-macos-x86_64