Last updated on 2020-08-19 01:50:14 CEST.
Flavor | Version | Tinstall | Tcheck | Ttotal | Status | Flags |
---|---|---|---|---|---|---|
r-devel-linux-x86_64-debian-clang | 0.1.0 | 3.56 | 29.17 | 32.73 | OK | |
r-devel-linux-x86_64-debian-gcc | 0.1.0 | 2.70 | 22.73 | 25.43 | OK | |
r-devel-linux-x86_64-fedora-clang | 0.1.0 | 48.27 | NOTE | |||
r-devel-linux-x86_64-fedora-gcc | 0.1.0 | 37.72 | NOTE | |||
r-devel-windows-ix86+x86_64 | 0.1.0 | 15.00 | 59.00 | 74.00 | OK | |
r-patched-linux-x86_64 | 0.1.0 | 3.30 | 29.68 | 32.98 | OK | |
r-patched-solaris-x86 | 0.1.0 | 63.50 | NOTE | |||
r-release-linux-x86_64 | 0.1.0 | 3.29 | 29.14 | 32.43 | OK | |
r-release-macos-x86_64 | 0.1.0 | NOTE | ||||
r-release-windows-ix86+x86_64 | 0.1.0 | 10.00 | 44.00 | 54.00 | OK | |
r-oldrel-macos-x86_64 | 0.1.0 | NOTE | ||||
r-oldrel-windows-ix86+x86_64 | 0.1.0 | 7.00 | 65.00 | 72.00 | OK |
Version: 0.1.0
Check: dependencies in R code
Result: NOTE
Namespace in Imports field not imported from: ‘crul’
All declared Imports should be used.
Flavors: r-devel-linux-x86_64-fedora-clang, r-devel-linux-x86_64-fedora-gcc, r-patched-solaris-x86, r-release-macos-x86_64, r-oldrel-macos-x86_64