Last updated on 2020-08-19 01:50:14 CEST.
Flavor | Version | Tinstall | Tcheck | Ttotal | Status | Flags |
---|---|---|---|---|---|---|
r-devel-linux-x86_64-debian-clang | 1.3-7 | 156.71 | 242.30 | 399.01 | OK | |
r-devel-linux-x86_64-debian-gcc | 1.3-7 | 115.46 | 183.88 | 299.34 | OK | |
r-devel-linux-x86_64-fedora-clang | 1.3-7 | 552.23 | NOTE | |||
r-devel-linux-x86_64-fedora-gcc | 1.3-7 | 528.74 | OK | |||
r-devel-windows-ix86+x86_64 | 1.3-7 | 336.00 | 356.00 | 692.00 | NOTE | |
r-patched-linux-x86_64 | 1.3-7 | 129.57 | 243.39 | 372.96 | OK | |
r-patched-solaris-x86 | 1.3-7 | 513.80 | OK | |||
r-release-linux-x86_64 | 1.3-7 | 130.71 | 243.19 | 373.90 | OK | |
r-release-macos-x86_64 | 1.3-7 | NOTE | ||||
r-release-windows-ix86+x86_64 | 1.3-7 | 326.00 | 266.00 | 592.00 | NOTE | |
r-oldrel-macos-x86_64 | 1.3-7 | NOTE | ||||
r-oldrel-windows-ix86+x86_64 | 1.3-7 | 237.00 | 321.00 | 558.00 | NOTE |
Version: 1.3-7
Check: installed package size
Result: NOTE
installed size is 10.2Mb
sub-directories of 1Mb or more:
R 2.1Mb
libs 7.1Mb
Flavors: r-devel-linux-x86_64-fedora-clang, r-devel-windows-ix86+x86_64, r-release-macos-x86_64, r-release-windows-ix86+x86_64, r-oldrel-macos-x86_64, r-oldrel-windows-ix86+x86_64