CRAN Package Check Results for Package robCompositions

Last updated on 2020-08-19 01:50:14 CEST.

Flavor Version Tinstall Tcheck Ttotal Status Flags
r-devel-linux-x86_64-debian-clang 2.2.1 116.32 242.40 358.72 OK
r-devel-linux-x86_64-debian-gcc 2.2.1 92.97 185.74 278.71 OK
r-devel-linux-x86_64-fedora-clang 2.2.1 461.51 NOTE
r-devel-linux-x86_64-fedora-gcc 2.2.1 436.85 OK
r-devel-windows-ix86+x86_64 2.2.1 285.00 312.00 597.00 OK --no-examples --no-tests --no-vignettes
r-patched-linux-x86_64 2.2.1 80.64 234.83 315.47 OK
r-patched-solaris-x86 2.2.1 521.00 OK
r-release-linux-x86_64 2.2.1 83.38 237.92 321.30 OK
r-release-macos-x86_64 2.2.1 NOTE
r-release-windows-ix86+x86_64 2.2.1 272.00 206.00 478.00 NOTE --no-examples --no-tests --no-vignettes
r-oldrel-macos-x86_64 2.2.1 NOTE
r-oldrel-windows-ix86+x86_64 2.2.1 197.00 300.00 497.00 OK --no-examples --no-tests --no-vignettes

Check Details

Version: 2.2.1
Check: installed package size
Result: NOTE
     installed size is 18.6Mb
     sub-directories of 1Mb or more:
     data 1.4Mb
     libs 16.2Mb
Flavors: r-devel-linux-x86_64-fedora-clang, r-release-macos-x86_64, r-oldrel-macos-x86_64

Version: 2.2.1
Check: Rd cross-references
Result: NOTE
    Undeclared packages ‘mvoutlier’, ‘StatDA’ in Rd xrefs
Flavor: r-devel-linux-x86_64-fedora-clang

Version: 2.2.1
Flags: --no-examples --no-tests --no-vignettes
Check: installed package size
Result: NOTE
     installed size is 5.0Mb
     sub-directories of 1Mb or more:
     data 1.4Mb
     libs 2.6Mb
Flavor: r-release-windows-ix86+x86_64