Last updated on 2020-08-19 01:50:14 CEST.
Flavor | Version | Tinstall | Tcheck | Ttotal | Status | Flags |
---|---|---|---|---|---|---|
r-devel-linux-x86_64-debian-clang | 1.1-4 | 17.71 | 67.36 | 85.07 | OK | |
r-devel-linux-x86_64-debian-gcc | 1.1-4 | 13.11 | 52.42 | 65.53 | OK | |
r-devel-linux-x86_64-fedora-clang | 1.1-4 | 113.42 | OK | |||
r-devel-linux-x86_64-fedora-gcc | 1.1-4 | 101.70 | OK | |||
r-devel-windows-ix86+x86_64 | 1.1-4 | 26.00 | 89.00 | 115.00 | OK | |
r-patched-linux-x86_64 | 1.1-4 | 16.90 | 67.92 | 84.82 | OK | |
r-patched-solaris-x86 | 1.1-4 | 130.80 | OK | |||
r-release-linux-x86_64 | 1.1-4 | 17.10 | 68.52 | 85.62 | OK | |
r-release-macos-x86_64 | 1.1-4 | ERROR | ||||
r-release-windows-ix86+x86_64 | 1.1-4 | 24.00 | 66.00 | 90.00 | OK | |
r-oldrel-macos-x86_64 | 1.1-4 | ERROR | ||||
r-oldrel-windows-ix86+x86_64 | 1.1-4 | 17.00 | 95.00 | 112.00 | OK |
Version: 1.1-4
Check: whether package can be installed
Result: ERROR
Installation failed.
Flavors: r-release-macos-x86_64, r-oldrel-macos-x86_64