CRAN Package Check Results for Package rpf

Last updated on 2020-08-19 01:50:14 CEST.

Flavor Version Tinstall Tcheck Ttotal Status Flags
r-devel-linux-x86_64-debian-clang 1.0.4 161.48 75.03 236.51 OK
r-devel-linux-x86_64-debian-gcc 1.0.4 123.49 57.40 180.89 OK
r-devel-linux-x86_64-fedora-clang 1.0.4 321.01 NOTE
r-devel-linux-x86_64-fedora-gcc 1.0.4 290.41 OK
r-devel-windows-ix86+x86_64 1.0.4 328.00 167.00 495.00 OK
r-patched-linux-x86_64 1.0.4 133.03 74.69 207.72 OK
r-patched-solaris-x86 1.0.4 251.80 ERROR
r-release-linux-x86_64 1.0.4 129.01 73.63 202.64 OK
r-release-macos-x86_64 1.0.4 NOTE
r-release-windows-ix86+x86_64 1.0.4 322.00 127.00 449.00 OK
r-oldrel-macos-x86_64 1.0.4 NOTE
r-oldrel-windows-ix86+x86_64 1.0.4 247.00 170.00 417.00 OK

Check Details

Version: 1.0.4
Check: installed package size
Result: NOTE
     installed size is 22.7Mb
     sub-directories of 1Mb or more:
     libs 21.7Mb
Flavors: r-devel-linux-x86_64-fedora-clang, r-release-macos-x86_64, r-oldrel-macos-x86_64

Version: 1.0.4
Check: tests
Result: ERROR
     Running ‘testthat.R’ [15s/17s]
    Running the tests in ‘tests/testthat.R’ failed.
    Complete output:
     > library(testthat)
     > library(rpf)
     Loading required package: parallel
     >
     > test_check("rpf")
     ── 1. Failure: EAPscores (@test-weightColumn.R#40) ────────────────────────────
     grp1$score[, 1] not equal to grp2$score[, 1].
     664/1000 mismatches (average diff: 2)
     [1] -1.238 - 0.0000 == -1.238
     [2] -1.238 - -0.0553 == -1.183
     [3] -1.238 - 0.4881 == -1.726
     [4] -0.719 - 13.7885 == -14.507
     [5] -0.719 - 0.0000 == -0.719
     [6] -0.719 - 0.0000 == -0.719
     [7] -0.719 - 0.0000 == -0.719
     [8] -0.719 - 0.0000 == -0.719
     [9] -0.719 - -1.8748 == 1.156
     ...
    
     ══ testthat results ═══════════════════════════════════════════════════════════
     [ OK: 401 | SKIPPED: 0 | WARNINGS: 0 | FAILED: 1 ]
     1. Failure: EAPscores (@test-weightColumn.R#40)
    
     Error: testthat unit tests failed
     Execution halted
Flavor: r-patched-solaris-x86