Last updated on 2020-08-19 01:50:14 CEST.
Flavor | Version | Tinstall | Tcheck | Ttotal | Status | Flags |
---|---|---|---|---|---|---|
r-devel-linux-x86_64-debian-clang | 1.6 | 22.95 | 29.06 | 52.01 | OK | |
r-devel-linux-x86_64-debian-gcc | 1.6 | 19.13 | 22.83 | 41.96 | OK | |
r-devel-linux-x86_64-fedora-clang | 1.6 | 81.09 | NOTE | |||
r-devel-linux-x86_64-fedora-gcc | 1.6 | 69.41 | NOTE | |||
r-devel-windows-ix86+x86_64 | 1.6 | 68.00 | 102.00 | 170.00 | NOTE | |
r-patched-linux-x86_64 | 1.6 | 20.90 | 28.94 | 49.84 | OK | |
r-patched-solaris-x86 | 1.6 | 23.60 | ERROR | |||
r-release-linux-x86_64 | 1.6 | 19.92 | 28.70 | 48.62 | OK | |
r-release-macos-x86_64 | 1.6 | ERROR | ||||
r-release-windows-ix86+x86_64 | 1.6 | 75.00 | 81.00 | 156.00 | NOTE | |
r-oldrel-macos-x86_64 | 1.6 | ERROR | ||||
r-oldrel-windows-ix86+x86_64 | 1.6 | 53.00 | 109.00 | 162.00 | NOTE |
Version: 1.6
Check: top-level files
Result: NOTE
‘configure’: /bin/bash is not portable
Flavors: r-devel-linux-x86_64-fedora-clang, r-devel-linux-x86_64-fedora-gcc
Version: 1.6
Check: installed package size
Result: NOTE
installed size is 6.3Mb
sub-directories of 1Mb or more:
libs 6.1Mb
Flavors: r-devel-windows-ix86+x86_64, r-release-windows-ix86+x86_64, r-oldrel-windows-ix86+x86_64
Version: 1.6
Check: whether package can be installed
Result: ERROR
Installation failed.
Flavors: r-patched-solaris-x86, r-release-macos-x86_64, r-oldrel-macos-x86_64